{"id":4855,"date":"2021-08-19T11:29:04","date_gmt":"2021-08-19T09:29:04","guid":{"rendered":"https:\/\/dev21.ecoclime.se\/en\/?post_type=analyzes&#038;p=4855"},"modified":"2022-06-30T15:10:44","modified_gmt":"2022-06-30T13:10:44","slug":"forsta-intrycket-ecoclime-kv2-2021-battre-intakter-an-vantat-och-kapacitetsutbyggnad","status":"publish","type":"analysis","link":"https:\/\/ecoclime.se\/en\/news\/dashicons-media-spreadsheet\/forsta-intrycket-ecoclime-kv2-2021-battre-intakter-an-vantat-och-kapacitetsutbyggnad\/","title":{"rendered":"F\u00f6rsta intrycket Ecoclime, kv2 2021: B\u00e4ttre int\u00e4kter \u00e4n v\u00e4ntat och kapacitetsutbyggnad"},"content":{"rendered":"","protected":false},"excerpt":{"rendered":"","protected":false},"featured_media":4857,"template":"","class_list":["post-4855","analysis","type-analysis","status-publish","has-post-thumbnail","hentry"],"acf":[],"_links":{"self":[{"href":"https:\/\/ecoclime.se\/en\/wp-json\/wp\/v2\/analysis\/4855","targetHints":{"allow":["GET"]}}],"collection":[{"href":"https:\/\/ecoclime.se\/en\/wp-json\/wp\/v2\/analysis"}],"about":[{"href":"https:\/\/ecoclime.se\/en\/wp-json\/wp\/v2\/types\/analysis"}],"version-history":[{"count":0,"href":"https:\/\/ecoclime.se\/en\/wp-json\/wp\/v2\/analysis\/4855\/revisions"}],"wp:featuredmedia":[{"embeddable":true,"href":"https:\/\/ecoclime.se\/en\/wp-json\/wp\/v2\/media\/4857"}],"wp:attachment":[{"href":"https:\/\/ecoclime.se\/en\/wp-json\/wp\/v2\/media?parent=4855"}],"curies":[{"name":"wp","href":"https:\/\/api.w.org\/{rel}","templated":true}]}}

Första intrycket Ecoclime, kv2 2021: Bättre intäkter än väntat och kapacitetsutbyggnad
