{"id":6148,"date":"2022-07-08T08:34:35","date_gmt":"2022-07-08T06:34:35","guid":{"rendered":"https:\/\/dev21.ecoclime.se\/de\/?page_id=6148"},"modified":"2025-09-02T12:08:39","modified_gmt":"2025-09-02T10:08:39","slug":"ecoclime-och-de-globala-utvecklingsmalen","status":"publish","type":"page","link":"https:\/\/ecoclime.se\/de\/om-oss\/ecoclime-och-de-globala-utvecklingsmalen\/","title":{"rendered":"Ecoclime och de globala utvecklingsm\u00e5len"},"content":{"rendered":"\t\t<div data-elementor-type=\"wp-page\" data-elementor-id=\"6148\" class=\"elementor elementor-6148\" data-elementor-post-type=\"page\">\n\t\t\t\t<div class=\"elementor-element elementor-element-1457dd7 ec21_sub_page_hero e-flex e-con-boxed e-con e-parent\" data-id=\"1457dd7\" data-element_type=\"container\" data-e-type=\"container\" data-settings=\"{&quot;background_background&quot;:&quot;classic&quot;}\">\n\t\t\t\t\t<div class=\"e-con-inner\">\n\t\t<div class=\"elementor-element elementor-element-3fc7272e ec21_e_container_content e-flex e-con-boxed e-con e-child\" data-id=\"3fc7272e\" data-element_type=\"container\" data-e-type=\"container\">\n\t\t\t\t\t<div class=\"e-con-inner\">\n\t\t<div class=\"elementor-element elementor-element-108a7aa4 e-con-full e-flex e-con e-child\" data-id=\"108a7aa4\" data-element_type=\"container\" data-e-type=\"container\">\n\t\t\t\t<div class=\"elementor-element elementor-element-847cfe8 elementor-widget elementor-widget-ecoclime_anchor_menu\" data-id=\"847cfe8\" data-element_type=\"widget\" data-e-type=\"widget\" data-widget_type=\"ecoclime_anchor_menu.default\">\n\t\t\t\t<div class=\"elementor-widget-container\">\n\t\t\t\t\t\t\t<div id=\"ec21_anchor_menu_placeholder\" class=\"ec21_dark_links\">\n\t\t\t<nav id=\"ec21_anchor_menu\" class=\"icey_disable\">\n\t\t\t\t<button class=\"ec21_anchor_menu_mobile\">\n\t\t\t\t\t<div class=\"icey_menu_toogle\">\n\t\t\t\t\t\t<span><\/span>\n\t\t\t\t\t\t<span><\/span>\n\t\t\t\t\t\t<span><\/span>\n\t\t\t\t\t<\/div>\n\t\t\t\t<\/button>\n\t\t\t\t<ul class=\"ec21_anchor_menu_inside\"><li><b>Ecoclime Ankare Meny<\/b><span style=\"display: inline-block; margin-top: 10px; font-size: 12px; line-height: 1.2em;\">Visar automatiskt ankare-rubiker f\u00f6r bes\u00f6kare.<\/span><\/li><\/ul>\n\t\t\t<\/nav>\n\t\t\t\t\t\t\t<div id=\"ec21_anchor_menu_contact\">\n\t\t\t\t\t<span class=\"ec21_menu_contact_headline\">M\u00f6chten Sie mehr wissen?<\/span>\n\t\t\t\t\t<div class=\"ec21_contact\">\n\t\t\t\t\t\t<img decoding=\"async\" src=\"https:\/\/ecoclime.se\/de\/wp-content\/uploads\/sites\/3\/2025\/09\/Robert-Aldrich-600x600-Closer-300x300-1.webp\" alt=\"Bild p\u00e5 Robert Aldrich\">\n\t\t\t\t\t\t<div class=\"ec21_contact_info\">\n\t\t\t\t\t\t\t<span>Sprich mit Robert Aldrich:<\/span>\n\t\t\t\t\t\t\t<a href=\"tel:\"><\/a>\n\t\t\t\t\t\t\t<a href=\"mailto:robert.aldrich@ecoclime.se\">robert.aldrich@ecoclime.se<\/a>\n\t\t\t\t\t\t<\/div>\n\t\t\t\t\t<\/div>\n\t\t\t\t<\/div>\n\t\t\t\t\t\t<\/div>\n\t\t\t\t\t\t<\/div>\n\t\t\t\t<\/div>\n\t\t\t\t<\/div>\n\t\t<div class=\"elementor-element elementor-element-6a250d86 e-con-full e-flex e-con e-child\" data-id=\"6a250d86\" data-element_type=\"container\" data-e-type=\"container\">\n\t\t\t\t<div class=\"elementor-element elementor-element-54c08979 elementor-widget elementor-widget-heading\" data-id=\"54c08979\" data-element_type=\"widget\" data-e-type=\"widget\" data-widget_type=\"heading.default\">\n\t\t\t\t<div class=\"elementor-widget-container\">\n\t\t\t\t\t<h1 class=\"elementor-heading-title elementor-size-default\">Ecoclime und unsere globalen Entwicklungsziele<\/h1>\t\t\t\t<\/div>\n\t\t\t\t<\/div>\n\t\t\t\t<div class=\"elementor-element elementor-element-296a2eda elementor-widget elementor-widget-text-editor\" data-id=\"296a2eda\" data-element_type=\"widget\" data-e-type=\"widget\" data-widget_type=\"text-editor.default\">\n\t\t\t\t<div class=\"elementor-widget-container\">\n\t\t\t\t\t\t\t\t\t<p>Die T\u00e4tigkeit von Ecoclime hat eine direkte Verbindung zu mehreren der Entwicklungsziele der Vereinten Nationen und das Unternehmen arbeitet bewusst daran, indirekt die Erreichung der \u00fcbrigen Ziele zu f\u00f6rdern.<\/p>\t\t\t\t\t\t\t\t<\/div>\n\t\t\t\t<\/div>\n\t\t\t\t<\/div>\n\t\t\t\t\t<\/div>\n\t\t\t\t<\/div>\n\t\t\t\t\t<\/div>\n\t\t\t\t<\/div>\n\t\t<div class=\"elementor-element elementor-element-18473c8 e-flex e-con-boxed e-con e-parent\" data-id=\"18473c8\" data-element_type=\"container\" data-e-type=\"container\">\n\t\t\t\t\t<div class=\"e-con-inner\">\n\t\t<div class=\"elementor-element elementor-element-6136239f e-con-full ec21_e_container_content e-flex e-con e-child\" data-id=\"6136239f\" data-element_type=\"container\" data-e-type=\"container\">\n\t\t<div class=\"elementor-element elementor-element-32406e05 e-con-full e-flex e-con e-child\" data-id=\"32406e05\" data-element_type=\"container\" data-e-type=\"container\">\n\t\t\t\t<div class=\"elementor-element elementor-element-6dcda0c8 elementor-widget elementor-widget-ecoclime_anchor_heading\" data-id=\"6dcda0c8\" data-element_type=\"widget\" data-e-type=\"widget\" data-widget_type=\"ecoclime_anchor_heading.default\">\n\t\t\t\t<div class=\"elementor-widget-container\">\n\t\t\t\t\t\t\t<h2 class=\"ec21_anchor_heading\" id=\"styrelse\" data-light-menu=\"on\" data-visible-menu=\"on\" data-contact-card=\"on\">\n\t\t\tEcoclime und unsere globalen Entwicklungsziele\t\t<\/h2>\n\t\t\t\t\t\t<\/div>\n\t\t\t\t<\/div>\n\t\t\t\t<\/div>\n\t\t<div class=\"elementor-element elementor-element-3dddbcf0 e-con-full e-flex e-con e-child\" data-id=\"3dddbcf0\" data-element_type=\"container\" data-e-type=\"container\">\n\t\t\t\t<div class=\"elementor-element elementor-element-5977fda elementor-widget elementor-widget-text-editor\" data-id=\"5977fda\" data-element_type=\"widget\" data-e-type=\"widget\" data-widget_type=\"text-editor.default\">\n\t\t\t\t<div class=\"elementor-widget-container\">\n\t\t\t\t\t\t\t\t\t<p>Durch die R\u00fcckgewinnung und Weiterverwendung von Abw\u00e4rme tr\u00e4gt Ecoclime zur Reduzierung der CO\u2082-Emissionen (<strong>Ziel 13<\/strong>) und zur Schaffung eines nachhaltigeren Energiesystems (<strong>Ziel 7<\/strong>) bei.<\/p><p>Durch die Verringerung des Bedarfs an zugef\u00fchrter Energie tragen unsere L\u00f6sungen zur Transformation der Energieinfrastruktur bei (<strong>Ziel 9<\/strong>).<\/p><p>Die Produkte unseres Unternehmens erm\u00f6glichen h\u00f6here Energieeffizienz und eine l\u00e4ngere Lebensdauer f\u00fcr vorhandene Geb\u00e4udebest\u00e4nde, w\u00e4hrend die Integration in Neubauten dabei hilft, die Umweltauswirkung wachsender St\u00e4dte zu reduzieren (<strong>Ziel 11<\/strong>).<\/p><p>Die technologischen Schl\u00fcsselkomponenten des Unternehmens werden so entwickelt, hergestellt und installiert, dass sie zu einer Verl\u00e4ngerung des technischen Lebenszyklus sowie zu h\u00f6heren Wiederverwertungs- und R\u00fcckgewinnungsraten beitragen (<strong>Ziel 12<\/strong>).<\/p><p>Das Unternehmen stellt sicher, dass alle Mitarbeiter und Subunternehmer gute Arbeitsbedingungen genie\u00dfen, die den geltenden Tarifbestimmungen und Gesetzen entsprechen (<strong>Ziel 8<\/strong>).<\/p><p>Ecoclimes Systeme zur komfortablen K\u00fchlung und Heizung von Innenr\u00e4umen tragen zu ges\u00fcnderen und angenehmeren Lebensbedingungen mit geringerem Infektionsrisiko bei (<strong>Ziel 3<\/strong>).<\/p>\t\t\t\t\t\t\t\t<\/div>\n\t\t\t\t<\/div>\n\t\t\t\t<div class=\"elementor-element elementor-element-adcb1f2 elementor-widget__width-inherit elementor-widget elementor-widget-image\" data-id=\"adcb1f2\" data-element_type=\"widget\" data-e-type=\"widget\" data-widget_type=\"image.default\">\n\t\t\t\t<div class=\"elementor-widget-container\">\n\t\t\t\t\t\t\t\t\t\t\t\t\t\t\t<img fetchpriority=\"high\" decoding=\"async\" width=\"364\" height=\"177\" src=\"https:\/\/ecoclime.se\/de\/wp-content\/uploads\/sites\/3\/2022\/07\/ecoclime-globala-utvecklingsmal.svg\" class=\"attachment-large size-large wp-image-6154\" alt=\"\" \/>\t\t\t\t\t\t\t\t\t\t\t\t\t\t\t<\/div>\n\t\t\t\t<\/div>\n\t\t\t\t<\/div>\n\t\t\t\t<\/div>\n\t\t\t\t\t<\/div>\n\t\t\t\t<\/div>\n\t\t\t\t<\/div>\n\t\t","protected":false},"excerpt":{"rendered":"<p>Ecoclime Ankare MenyVisar automatiskt ankare-rubiker f\u00f6r bes\u00f6kare. M\u00f6chten Sie mehr wissen? Sprich mit Robert Aldrich: 076-623 43 40 robert.aldrich@ecoclime.se Ecoclime und unsere globalen Entwicklungsziele Die T\u00e4tigkeit von Ecoclime hat eine direkte Verbindung zu mehreren der Entwicklungsziele der Vereinten Nationen und das Unternehmen arbeitet bewusst daran, indirekt die Erreichung der \u00fcbrigen Ziele zu f\u00f6rdern. Ecoclime und [&hellip;]<\/p>\n","protected":false},"author":3,"featured_media":0,"parent":6107,"menu_order":0,"comment_status":"closed","ping_status":"closed","template":"","meta":{"_acf_changed":false,"footnotes":""},"class_list":["post-6148","page","type-page","status-publish","hentry"],"acf":[],"_links":{"self":[{"href":"https:\/\/ecoclime.se\/de\/wp-json\/wp\/v2\/pages\/6148","targetHints":{"allow":["GET"]}}],"collection":[{"href":"https:\/\/ecoclime.se\/de\/wp-json\/wp\/v2\/pages"}],"about":[{"href":"https:\/\/ecoclime.se\/de\/wp-json\/wp\/v2\/types\/page"}],"author":[{"embeddable":true,"href":"https:\/\/ecoclime.se\/de\/wp-json\/wp\/v2\/users\/3"}],"replies":[{"embeddable":true,"href":"https:\/\/ecoclime.se\/de\/wp-json\/wp\/v2\/comments?post=6148"}],"version-history":[{"count":26,"href":"https:\/\/ecoclime.se\/de\/wp-json\/wp\/v2\/pages\/6148\/revisions"}],"predecessor-version":[{"id":9641,"href":"https:\/\/ecoclime.se\/de\/wp-json\/wp\/v2\/pages\/6148\/revisions\/9641"}],"up":[{"embeddable":true,"href":"https:\/\/ecoclime.se\/de\/wp-json\/wp\/v2\/pages\/6107"}],"wp:attachment":[{"href":"https:\/\/ecoclime.se\/de\/wp-json\/wp\/v2\/media?parent=6148"}],"curies":[{"name":"wp","href":"https:\/\/api.w.org\/{rel}","templated":true}]}}

Ecoclime och de globala utvecklingsmålen

<div data-elementor-type="wp-page" data-elementor-id="6148" class="elementor elementor-6148" data-elementor-post-type="page">
				<div class="elementor-element elementor-element-1457dd7 ec21_sub_page_hero e-flex e-con-boxed e-con e-parent" data-id="1457dd7" data-element_type="container" data-e-type="container" data-settings="{&quot;background_background&quot;:&quot;classic&quot;}">
					<div class="e-con-inner">
		<div class="elementor-element elementor-element-3fc7272e ec21_e_container_content e-flex e-con-boxed e-con e-child" data-id="3fc7272e" data-element_type="container" data-e-type="container">
					<div class="e-con-inner">
		<div class="elementor-element elementor-element-108a7aa4 e-con-full e-flex e-con e-child" data-id="108a7aa4" data-element_type="container" data-e-type="container">
				<div class="elementor-element elementor-element-847cfe8 elementor-widget elementor-widget-ecoclime_anchor_menu" data-id="847cfe8" data-element_type="widget" data-e-type="widget" data-widget_type="ecoclime_anchor_menu.default">
				<div class="elementor-widget-container">
							<div id="ec21_anchor_menu_placeholder" class="ec21_dark_links">
			<nav id="ec21_anchor_menu" class="icey_disable">
				<button class="ec21_anchor_menu_mobile">
					<div class="icey_menu_toogle">
						<span></span>
						<span></span>
						<span></span>
					</div>
				</button>
				<ul class="ec21_anchor_menu_inside"><li><b>Ecoclime Ankare Meny</b><span style="display: inline-block; margin-top: 10px; font-size: 12px; line-height: 1.2em;">Visar automatiskt ankare-rubiker för besökare.</span></li></ul>
			</nav>
							<div id="ec21_anchor_menu_contact">
					<span class="ec21_menu_contact_headline">Möchten Sie mehr wissen?</span>
					<div class="ec21_contact">
						<img decoding="async" src="https://ecoclime.se/de/wp-content/uploads/sites/3/2025/09/Robert-Aldrich-600x600-Closer-300x300-1.webp" alt="Bild på Robert Aldrich">
						<div class="ec21_contact_info">
							<span>Sprich mit Robert Aldrich:</span>
							<a href="tel:"></a>
							<a href="mailto:robert.aldrich@ecoclime.se">robert.aldrich@ecoclime.se</a>
						</div>
					</div>
				</div>
						</div>
						</div>
				</div>
				</div>
		<div class="elementor-element elementor-element-6a250d86 e-con-full e-flex e-con e-child" data-id="6a250d86" data-element_type="container" data-e-type="container">
				<div class="elementor-element elementor-element-54c08979 elementor-widget elementor-widget-heading" data-id="54c08979" data-element_type="widget" data-e-type="widget" data-widget_type="heading.default">
				<div class="elementor-widget-container">
					<h1 class="elementor-heading-title elementor-size-default">Ecoclime und unsere globalen Entwicklungsziele</h1>				</div>
				</div>
				<div class="elementor-element elementor-element-296a2eda elementor-widget elementor-widget-text-editor" data-id="296a2eda" data-element_type="widget" data-e-type="widget" data-widget_type="text-editor.default">
				<div class="elementor-widget-container">
									<p>Die Tätigkeit von Ecoclime hat eine direkte Verbindung zu mehreren der Entwicklungsziele der Vereinten Nationen und das Unternehmen arbeitet bewusst daran, indirekt die Erreichung der übrigen Ziele zu fördern.</p>								</div>
				</div>
				</div>
					</div>
				</div>
					</div>
				</div>
		<div class="elementor-element elementor-element-18473c8 e-flex e-con-boxed e-con e-parent" data-id="18473c8" data-element_type="container" data-e-type="container">
					<div class="e-con-inner">
		<div class="elementor-element elementor-element-6136239f e-con-full ec21_e_container_content e-flex e-con e-child" data-id="6136239f" data-element_type="container" data-e-type="container">
		<div class="elementor-element elementor-element-32406e05 e-con-full e-flex e-con e-child" data-id="32406e05" data-element_type="container" data-e-type="container">
				<div class="elementor-element elementor-element-6dcda0c8 elementor-widget elementor-widget-ecoclime_anchor_heading" data-id="6dcda0c8" data-element_type="widget" data-e-type="widget" data-widget_type="ecoclime_anchor_heading.default">
				<div class="elementor-widget-container">
							<h2 class="ec21_anchor_heading" id="styrelse" data-light-menu="on" data-visible-menu="on" data-contact-card="on">
			Ecoclime und unsere globalen Entwicklungsziele		</h2>
						</div>
				</div>
				</div>
		<div class="elementor-element elementor-element-3dddbcf0 e-con-full e-flex e-con e-child" data-id="3dddbcf0" data-element_type="container" data-e-type="container">
				<div class="elementor-element elementor-element-5977fda elementor-widget elementor-widget-text-editor" data-id="5977fda" data-element_type="widget" data-e-type="widget" data-widget_type="text-editor.default">
				<div class="elementor-widget-container">
									<p>Durch die Rückgewinnung und Weiterverwendung von Abwärme trägt Ecoclime zur Reduzierung der CO₂-Emissionen (<strong>Ziel 13</strong>) und zur Schaffung eines nachhaltigeren Energiesystems (<strong>Ziel 7</strong>) bei.</p><p>Durch die Verringerung des Bedarfs an zugeführter Energie tragen unsere Lösungen zur Transformation der Energieinfrastruktur bei (<strong>Ziel 9</strong>).</p><p>Die Produkte unseres Unternehmens ermöglichen höhere Energieeffizienz und eine längere Lebensdauer für vorhandene Gebäudebestände, während die Integration in Neubauten dabei hilft, die Umweltauswirkung wachsender Städte zu reduzieren (<strong>Ziel 11</strong>).</p><p>Die technologischen Schlüsselkomponenten des Unternehmens werden so entwickelt, hergestellt und installiert, dass sie zu einer Verlängerung des technischen Lebenszyklus sowie zu höheren Wiederverwertungs- und Rückgewinnungsraten beitragen (<strong>Ziel 12</strong>).</p><p>Das Unternehmen stellt sicher, dass alle Mitarbeiter und Subunternehmer gute Arbeitsbedingungen genießen, die den geltenden Tarifbestimmungen und Gesetzen entsprechen (<strong>Ziel 8</strong>).</p><p>Ecoclimes Systeme zur komfortablen Kühlung und Heizung von Innenräumen tragen zu gesünderen und angenehmeren Lebensbedingungen mit geringerem Infektionsrisiko bei (<strong>Ziel 3</strong>).</p>								</div>
				</div>
				<div class="elementor-element elementor-element-adcb1f2 elementor-widget__width-inherit elementor-widget elementor-widget-image" data-id="adcb1f2" data-element_type="widget" data-e-type="widget" data-widget_type="image.default">
				<div class="elementor-widget-container">
															<img fetchpriority="high" decoding="async" width="364" height="177" src="https://ecoclime.se/de/wp-content/uploads/sites/3/2022/07/ecoclime-globala-utvecklingsmal.svg" class="attachment-large size-large wp-image-6154" alt="" />															</div>
				</div>
				</div>
				</div>
					</div>
				</div>
				</div>

<p>Ecoclime Ankare MenyVisar automatiskt ankare-rubiker för besökare. Möchten Sie mehr wissen? Sprich mit Robert Aldrich: 076-623 43 40 robert.aldrich@ecoclime.se Ecoclime und unsere globalen Entwicklungsziele Die Tätigkeit von Ecoclime hat eine direkte Verbindung zu mehreren der Entwicklungsziele der Vereinten Nationen und das Unternehmen arbeitet bewusst daran, indirekt die Erreichung der übrigen Ziele zu fördern. Ecoclime und [&hellip;]</p>
